s c(g)?
-4
Let b(t) = 5*t**2 - 5*t. Let n(c) = 4*c**2 - 5*c. Let m(j) = -3*b(j) + 4*n(j). Give m(4).
-4
Let y(i) = i + 12. Let l(z) = z**3 - 7*z**2 + 3*z + 8. Let o be l(6). Calculate y(o).
2
Let c(u) = -1 + 5 - 5*u - 3 + u. What is c(2)?
-7
Let h be 1/(-12) + (-6)/(-36). Let f(g) be the third derivative of -1/60*g**5 + 0 - h*g**4 + 1/3*g**3 + 0*g - 3*g**2. Calculate f(-4).
-6
Let b(s) = -s**3 + 3*s**2 + 4*s + 3. Let g be -1 - 66/(-54) - (-34)/9. Determine b(g).
3
Let b(m) = -7*m - 6*m**2 + m**2 + 6*m**2 + 5. Give b(7).
5
Let y(u) = u - 12. Let i(s) be the third derivative of -s**6/120 + 7*s**5/60 + s**4/24 - s**3/6 - s**2. Let b be i(7). What is y(b)?
-6
Let i(h) = -h**3 - 5*h**2 - 6*h - 6. Let j(z) = -1. Let n(x) = x - 13. Let u(s) = -3*j(s) + n(s). Let y be u(6). Calculate i(y).
2
Let s(j) be the first derivative of j**3/3 - 7*j**2/2 - j - 13. Calculate s(7).
-1
Let y = -17 + 18. Let c(t) = 4*t + 2. Let x(f) = -f - 1. Let o(i) = c(i) + 3*x(i). Determine o(y).
0
Let f(o) = o**2 - 9*o + 10. Let a be f(8). Let p(y) = -1 - 6*y**2 - y**3 + 5 + 0*y**a - 3*y + 2*y**2. Give p(-3).
4
Suppose v + 6 = -4*j, 5*j + 4 + 6 = 0. Let q(m) = -6 + m**2 - m + v + 2*m. Suppose -5*c + 5*r - 7 = 13, -12 = c - 3*r. Calculate q(c).
-4
Let w(l) = l**3 - 2*l**2 - 6*l + 1. Suppose -o + 6 = 2. What is w(o)?
9
Let a(v) = -v**3 - v**2 + 2. Let c be a(-2). Let x(m) = m**3 + 2*m + 6 + 2 - c - 4*m**2 - m**2. Calculate x(3).
-10
Let y(v) = v**3 - v**2 + v. Let n(h) = 7*h**3 - 13*h**2 + 12*h + 3. Let a(g) = n(g) - 6*y(g). Calculate a(6).
3
Let m be (-3)/(-2)*4/(-2). Let n(p) be the third derivative of -5*p**4/24 - p**3/3 + p**2. Calculate n(m).
13
Let p(c) be the second derivative of c**4/12 + 5*c**3/6 + c. Suppose -8*q + 2*q = 30. Determine p(q).
0
Suppose 2 = -5*n - 13. Let y = n - -2. Let w(g) be the third derivative of g**5/30 - g**4/24 - g**3/6 - 6*g**2. Calculate w(y).
2
Suppose -u + 7*u - 24 = 0. Let l(k) = 2*k - 2. Determine l(u).
6
Let u(c) = c**2 - 4. Let q be u(-3). Suppose 16 = -3*v - 2*z, q*v + 3*z + 22 = v. Let x(n) = -n**2 - 4*n - 4. Give x(v).
-4
Let i(t) = t - 4. Let z = 15 - 7. Let q = 0 - z. Let h be 2/3 + q/(-6). Give i(h).
-2
Suppose -31 = -5*s - 6. Suppose s*g + 0*g = 0. Let z(x) = -x**2 + 4. Give z(g).
4
Suppose 0 = 2*t + 5*t - 42. Let b(s) = 2*s - 6. Calculate b(t).
6
Suppose 4*u + 3*x - 17 = 0, -x = 2*u + x - 10. Let n(m) = -m + u*m - 2 + m**3 - m**2 - 2*m. Suppose 2*r - 3 + 7 = 0. Determine n(r).
-12
Let k(c) = 2*c. Suppose -q - 3*q + 40 = -4*b, -b = 5*q - 26. Let a(l) = l - 7. Let y be a(q). Give k(y).
-2
Suppose -6*j = -j + 2*q + 10, -j = -3*q + 19. Let l(i) = -i**2 - 5*i + 2. Calculate l(j).
6
Let w(b) = 11*b**2 - 2*b + 12. Let i(m) = -5*m**2 + m - 6. Let f(s) = 13*i(s) + 6*w(s). Calculate f(-6).
24
Let y(s) = -s**3 - 4 + 3*s**3 + s**2 - 5*s - 6*s**3 + 5*s**3. Calculate y(-3).
-7
Let u(y) = -3*y. Let p(k) = 4*k + 1. Let h(d) = 3*p(d) + 2*u(d). Calculate h(3).
21
Let x(t) be the first derivative of 7*t**2/2 - 1. Let w(v) = -v**2 - 4*v - 1. Let n be w(-3). Suppose n = -0*k + 2*k. Determine x(k).
7
Suppose 3*n + 2*a = a, 4*n = 2*a. Let w = n + -1. Let y(r) = 4*r**2 + r + 1. What is y(w)?
4
Let z(d) be the second derivative of d**5/20 + d**4/3 - d**3 - 3*d**2 + 10*d. Let k(o) = 2*o + 1. Let u be k(-3). Give z(u).
-1
Suppose -8*i + 4*i + 20 = 0. Let v(o) = 4 + o**2 - 8 + 3*o + i - 2*o. Calculate v(-1).
1
Let u(l) = 2*l - 1. Let t(i) = 2*i - 8. Let p be t(5). Calculate u(p).
3
Let h(t) = 4*t - 11*t + 2*t**2 + 1 - t - t**2. What is h(7)?
-6
Let z(h) be the second derivative of -2*h**3/3 - h. Let q = -14 - -10. Let g = q - -5. Determine z(g).
-4
Let s(n) = 2*n - 4. Let a be s(3). Let q(x) = x**2 + 0*x**2 + 2*x**a. Suppose -11 = -i + 5*i + 5*k, -4*i + 5*k = -19. What is q(i)?
3
Let s(b) = -3*b - 1. Let j(r) = -9*r - 3. Let q(p) = 2*j(p) - 7*s(p). What is q(3)?
10
Suppose c = 2*c - 6. Suppose 4*i + c = -6. Let v(o) = -2*o**2 - 5*o - 3. Determine v(i).
-6
Let h(c) = -5 - 2*c - 3*c**2 - 5*c + c**3 + 3*c. Give h(4).
-5
Let t(z) = z**2 - 2. Let g be t(2). Suppose 0*c = 4*c - 8. Let o(w) = -g*w + c*w - w. Determine o(3).
-3
Let h = -91 - -95. Let u(t) be the second derivative of -t - 1/6*t**3 - 1/2*t**2 + 1/12*t**h + 0. Give u(2).
1
Suppose -5*o + 5 = 5*q, 2*q - 4*q - o = 0. Let h(s) = -3*s**2 + s. What is h(q)?
-4
Let f(m) = -m - 7. Let g = -20 - -12. Let a be f(g). Let z(x) = -x**2 - 2*x + 1. Determine z(a).
-2
Let d(y) = 5*y**2 + 2*y - y**3 - 2 + 5 - 7. Give d(5).
6
Let x = 1 + -7. Let t(p) = -5*p**3 + 4*p**3 - 6*p**2 - 1 + p + 4. What is t(x)?
-3
Let p(g) = -g - 9. Let h be p(-7). Let n(b) = b**3 - b**2. Let s(a) = 7*a**3 - 4*a**2 - 2*a - 1. Let w(u) = -6*n(u) + s(u). What is w(h)?
3
Let u be (-6)/(((-18)/4)/3). Let m = 14 - u. Suppose -4*q + m = -2*q + r, q = r + 2. Let w(t) = t**3 - 3*t**2 - 4*t + 5. Give w(q).
5
Let c = 2 - -5. Let r(b) = -9*b**3 - 6*b**2 - 6*b - 5. Let x(s) = 11*s + 17*s**3 + 3*s**3 + 9 - 2*s**3 + 11*s**2. Let v(g) = c*r(g) + 4*x(g). What is v(-1)?
-8
Let x(i) be the second derivative of i**7/168 + i**5/60 - i**4/24 - i**3/6 + i. Let a(h) be the second derivative of x(h). Calculate a(1).
6
Let w be (-1)/(-2) + (-28)/8. Let r = w + 5. Suppose r*h - 8 = d, -2 = 3*d + 2*h - 10. Let b(v) = -v**3 + v**2 + v + 4. What is b(d)?
4
Let s be 2 + 0/(1 - 0). Let y(d) = -2 - 2*d - d**s + 5 - 4. Determine y(-2).
-1
Let f(b) = -2 - 2 - 3*b - 44*b**2 + 45*b**2. Determine f(3).
-4
Suppose 25 = -5*u - 0. Let x(w) = 4*w**2 - 1. Let p be x(-1). Let i(n) = -5*n + 6*n**2 - p*n**2 - 4*n**2 + 4. Calculate i(u).
4
Suppose 3 + 3 = -z. Let o(t) be the second derivative of 3*t - 4*t**2 - 1/3*t**3 + 0. Calculate o(z).
4
Let s be 1/((-8)/(-10))*4. Suppose 4*j - 16 = 0, -s*j + 23 = 5*b - 3*j. Let q(i) = -i - 2. Calculate q(b).
-5
Let k(g) be the first derivative of g**3/3 + 2*g**2 - g + 3. What is k(-4)?
-1
Let l(u) be the first derivative of u**3/3 + u**2 + 3*u + 2. Suppose 2*m - 4*v = 0, 5*v + 3 = m - 0. Determine l(m).
3
Let y(o) = 6*o - 1. Let a be y(2). Let d(q) = -6*q**2 - 11*q + 21. Let j(i) = i**2 + 2*i - 4. Let s(z) = a*j(z) + 2*d(z). What is s(-3)?
-11
Let w = 4 + -4. Suppose w*g + g = 0. Let m(a) be the first derivative of -a**2/2 + 10*a + 6. Give m(g).
10
Let d(s) = -s**2 - s - 1. Suppose 0 = -a - 2*b + 13, -5*a - 23 = 4*b - 58. Determine d(a).
-13
Let i(k) be the third derivative of k**5/120 - k**4/8 + 5*k**3/6 - 3*k**2. Let m(z) be the first derivative of i(z). Determine m(6).
3
Let j(z) = 2*z**2 - 1. Let i(o) = 11*o**2 + o - 3. Let b(g) = -i(g) + 6*j(g). Determine b(-4).
17
Let g(m) = m**2 - m. Let w(r) = -6*r**2 - r - 1. Let a(x) = 5*g(x) + w(x). Suppose 5*s + 25 = -5*v, v + 5*s - 2 = -3. Determine a(v).
-1
Let q = 10/9 - 11/18. Let o(y) be the second derivative of -1/6*y**3 - 3*y + q*y**2 + 0. Determine o(-5).
6
Let b(a) = 4*a**2 + 10*a. Let h(l) = -l**2 - l + 1. Let y(q) = b(q) + 3*h(q). Determine y(-6).
-3
Let q(b) = -b - 4. Let u be q(-6). Let k(f) = -3 + 0*f - 4*f**u + f**3 + 4*f - f + 0*f**2. Let a(d) = -d**3 + 8*d**2 - 6*d - 4. Let c be a(7). Calculate k(c).
-3
Let c(b) = b**2 - 7*b - 2. Let w = -54 + 61. Determine c(w).
-2
Let q(p) = -3*p**2 - p - 3 - 1 + 4*p**2. Let f(x) = -x**3 - 2*x**2 + 6*x + 5. Let o be f(-4). Suppose o = 3*h - 4*g - 7, -3*h + 18 = -3*g. Calculate q(h).
8
Let h = 19 - 11. Let b be 5/20 + (-2)/h. Suppose -3*c = -b*c, -4*c - 15 = 5*s. Let y(a) = a**2 + 3*a + 4. Determine y(s).
4
Suppose -z - 3 = -2*z. Let d(m) = -3 - z*m + 7 + 4*m. Suppose 5*s + 14 + 1 = 0. Calculate d(s).
1
Let w(z) = z + 6. Let i(y) = -y**3 - 14*y**2 + 5. Let u be i(-14). Calculate w(u).
11
Let z(v) = v**2 - 6*v + 2. Suppose -5*j + 18 = -2. What is z(j)?
-6
Let o(t) be the second derivative of -t**4/12 + 2*t**3/3 - t**2 + 7*t - 1. Give o(6).
-14
Let r be 3/1 - 0 - -2. Let b(x) = -5 + 4*x + 6*x - 7*x - 2. Give b(r).
8
Let l(t) be the third derivative of t**8/6720 + t**7/504 - t**6/120 + t**5/40 - t**4/12 + 2*t**2. Let h(z) be the second derivative of l(z). What is h(-6)?
3
Suppose -4*x - 4*t = -8, 4*x + 6 = -3*t + 14. Suppose x = -s - 1. Let d(c) = -c + 1. What is d(s)?
4
Let y(m) = -3 + 5 - 1 + 11*m. Let q(c) = -10*c + 5. Let f(i) = 10*i - 4. Let o(k) = -6*f(k) - 5*q(k). Let h(p) = -5*o(p) - 4*y(p). Calculate h(-1).
-5
Let z(k) be the third derivative